{"id":194,"date":"2013-02-05T09:47:01","date_gmt":"2013-02-05T08:47:01","guid":{"rendered":"http:\/\/www.stiegenhof.ch\/blog\/?page_id=194"},"modified":"2013-06-17T10:42:49","modified_gmt":"2013-06-17T09:42:49","slug":"schonendes-mahen-von-blumenwiesen-mit-mahbalken","status":"publish","type":"page","link":"https:\/\/www.stiegenhof.ch\/?page_id=194","title":{"rendered":"Schonendes M\u00e4hen von Blumenwiesen mit M\u00e4hbalken"},"content":{"rendered":"<p>Mit einem 3.20m breiten Doppelmesserm\u00e4hbalken, heckseitig, werden eigenen Wiesen schonend gem\u00e4ht. Bei dieser Technik werden Instekten, vor allem Bienen, zu 100% verschont. Je nach Bestandesart kann mit bis zu 7 km\/h gefahren werden. Auf Anfrage werden auch fremde Wiesen gem\u00e4ht.<\/p>\n<p>&nbsp;<\/p>\n<p>Preis:\u00a0\u00a0\u00a0\u00a0 Fr. 100.&#8211;\/Std.\u00a0\u00a0\u00a0\u00a0\u00a0\u00a0 (bei guten Bedingungen am Hang m\u00f6glich)<\/p>\n","protected":false},"excerpt":{"rendered":"<p>Mit einem 3.20m breiten Doppelmesserm\u00e4hbalken, heckseitig, werden eigenen Wiesen schonend gem\u00e4ht. Bei dieser Technik werden Instekten, vor allem Bienen, zu 100% verschont. Je nach Bestandesart kann mit bis zu 7 km\/h gefahren werden. Auf Anfrage werden auch fremde Wiesen gem\u00e4ht. &hellip; <a href=\"https:\/\/www.stiegenhof.ch\/?page_id=194\">Weiterlesen <span class=\"meta-nav\">&rarr;<\/span><\/a><\/p>\n","protected":false},"author":1,"featured_media":0,"parent":178,"menu_order":2,"comment_status":"closed","ping_status":"closed","template":"","meta":{"footnotes":""},"class_list":["post-194","page","type-page","status-publish","hentry"],"_links":{"self":[{"href":"https:\/\/www.stiegenhof.ch\/index.php?rest_route=\/wp\/v2\/pages\/194","targetHints":{"allow":["GET"]}}],"collection":[{"href":"https:\/\/www.stiegenhof.ch\/index.php?rest_route=\/wp\/v2\/pages"}],"about":[{"href":"https:\/\/www.stiegenhof.ch\/index.php?rest_route=\/wp\/v2\/types\/page"}],"author":[{"embeddable":true,"href":"https:\/\/www.stiegenhof.ch\/index.php?rest_route=\/wp\/v2\/users\/1"}],"replies":[{"embeddable":true,"href":"https:\/\/www.stiegenhof.ch\/index.php?rest_route=%2Fwp%2Fv2%2Fcomments&post=194"}],"version-history":[{"count":6,"href":"https:\/\/www.stiegenhof.ch\/index.php?rest_route=\/wp\/v2\/pages\/194\/revisions"}],"predecessor-version":[{"id":315,"href":"https:\/\/www.stiegenhof.ch\/index.php?rest_route=\/wp\/v2\/pages\/194\/revisions\/315"}],"up":[{"embeddable":true,"href":"https:\/\/www.stiegenhof.ch\/index.php?rest_route=\/wp\/v2\/pages\/178"}],"wp:attachment":[{"href":"https:\/\/www.stiegenhof.ch\/index.php?rest_route=%2Fwp%2Fv2%2Fmedia&parent=194"}],"curies":[{"name":"wp","href":"https:\/\/api.w.org\/{rel}","templated":true}]}}